r(10).
-38
Let p(b) = -7*b - 140. Give p(-20).
0
Let j(d) = -d**2 + 2*d - 2. Calculate j(3).
-5
Let n(b) = -2*b**3 + 71*b**2 - 36*b + 27. Determine n(35).
-8
Let s(d) = d**3 + 16*d**2 - 7*d - 65. Give s(-16).
47
Let a(i) = -42*i + 205. What is a(5)?
-5
Let u(d) = 9*d - 15. What is u(15)?
120
Let q(x) = -x + 1. Determine q(7).
-6
Let d(b) = -b**3 - 55*b**2 + 5*b + 281. Calculate d(-55).
6
Let g(c) = -2*c + 11. Give g(19).
-27
Let w(s) = s**3 + 66*s**2 + 126*s - 118. Calculate w(-64).
10
Let s(g) = 2*g**3 + g + 1. Determine s(0).
1
Let n(f) = -f**3 + 14*f**2 + f - 16. Determine n(14).
-2
Let f(g) = 8*g**3 + 2*g - 2. Calculate f(1).
8
Let z(g) = -13*g + 3. What is z(2)?
-23
Let d(v) = 22*v - 60. What is d(3)?
6
Let x(o) = -3*o + 35. Give x(15).
-10
Let l(t) = 2*t**2 - 10*t + 8. Give l(7).
36
Let k(n) = n**3 + 5*n**2 - 4*n + 1. Calculate k(-6).
-11
Let v(n) = 4*n - 20. Calculate v(5).
0
Let b(i) = -i**2 - 7*i - 9. Give b(-6).
-3
Let u(i) = i**2 + 9*i - 7. Calculate u(-10).
3
Let b(p) = 4*p + 1. Calculate b(-1).
-3
Let g(o) = -2*o**2 + 5*o - 4. Give g(3).
-7
Let b(h) = 10*h + 19. Give b(-3).
-11
Let i(c) = -c - 19. Calculate i(-13).
-6
Let z(m) = m**3 + 7*m**2 + 11*m - 4. Calculate z(-5).
-9
Let n(w) = 6*w - 60. Calculate n(0).
-60
Let n(f) = -12*f - 2. What is n(1)?
-14
Let o(r) = r**2 + 14*r + 5. Calculate o(-9).
-40
Let c(g) = g**3 + 2*g**2 - 12*g + 3. Determine c(2).
-5
Let k(f) = 6*f + 6. Determine k(-2).
-6
Let x(m) = 111*m - 340. What is x(3)?
-7
Let i(a) = 5*a**2 + 2*a. Give i(2).
24
Let i(k) = k**2 + 8*k + 11. What is i(-7)?
4
Let y(o) = 8*o**2 + 116*o - 2. Calculate y(-15).
58
Let j(v) = 10*v**2 + 4*v - 3. Determine j(2).
45
Let l(m) = m**2 + 18*m - 6. What is l(-14)?
-62
Let b(l) = -l**2 + l + 13. Give b(0).
13
Let a(d) = d**3 + 7*d**2 - 2*d - 2. Determine a(-7).
12
Let j(z) = z**2 + 15*z + 50. What is j(-7)?
-6
Let y(p) = p**2 + 8*p + 14. Give y(-7).
7
Let q(z) = -z + 4. Calculate q(-4).
8
Let m(n) = -n**3 + 7*n**2 + 11*n - 8. What is m(9)?
-71
Let k(q) = -q**2 + 3*q + 17. Give k(7).
-11
Let c(h) = h**3 + 5*h**2 - 6*h + 2. What is c(-6)?
2
Let m(w) = -w**3 - 4*w**2 - 4*w - 1. Calculate m(-2).
-1
Let m(a) = -2*a - 4. Give m(4).
-12
Let l(i) = -5*i - 71. Give l(-9).
-26
Let i(z) = -6*z**3 + 2*z**2 - 1. Give i(1).
-5
Let f(j) = j - 15. Give f(8).
-7
Let i(p) = -36*p + 1177. Determine i(33).
-11
Let z(q) = -3*q + 8. What is z(12)?
-28
Let q(w) = 2*w**3 - 4*w**2 - 5. What is q(4)?
59
Let h(l) = l**3 + 5*l**2 - 8*l - 12. Give h(-6).
0
Let w(p) = p**3 - 10*p**2 - 11*p - 8. Determine w(11).
-8
Let u(v) = v**2 + 14*v + 7. Calculate u(-15).
22
Let k(d) = 2*d**3 + 8*d**2 - 7*d + 10. Give k(-5).
-5
Let m(x) = -x**3 - x - 19. What is m(0)?
-19
Let x(v) = 3*v**3 + 8*v**2 + 5*v + 5. Give x(-3).
-19
Let z(p) = 2*p + 22. Determine z(-8).
6
Let c(b) = -5*b**3 - b**2 + b + 1. Give c(-1).
4
Let z(x) = x**2 + 8*x + 12. Calculate z(-2).
0
Let l(y) = -y**3 - 10*y**2 - 8*y + 8. Calculate l(-9).
-1
Let q(l) = -l**2 - 7*l + 1. Calculate q(-3).
13
Let k(a) = -a**2 - a + 48. What is k(0)?
48
Let c(f) = f**3 - 2*f**2 - 2*f + 2. What is c(3)?
5
Let h(g) = 4*g**3 - 2*g**2 - 2*g + 2. Determine h(2).
22
Let d(a) = -3*a + 41. Calculate d(-10).
71
Let z(a) = a**3 + 26*a**2 - 89*a - 58. What is z(-29)?
0
Let n(l) = -6*l - 103. Determine n(-16).
-7
Let a(s) = -s**3 - 8*s**2 - 5*s + 8. What is a(-7)?
-6
Let l(o) = -o**3 - 22*o**2 - 21*o - 4. Calculate l(-21).
-4
Let h(d) = d**3 - 2*d**2 + d + 6. Determine h(0).
6
Let z(y) = -3*y - 11. Give z(13).
-50
Let j(l) = -l**3 + 9*l**2 + 12*l - 7. Determine j(10).
13
Let m(o) = -o**2 + 21*o + 117. What is m(24)?
45
Let z(x) = -x**3 + 7*x**2 - x + 4. Determine z(7).
-3
Let q(a) = 2*a - 9. Give q(3).
-3
Let n(q) = 84*q + 845. Give n(-10).
5
Let r(f) = -f**3 - 8*f**2 - 4*f + 7. Calculate r(-6).
-41
Let m(l) = l**3 + 6*l**2 + 7*l + 3. Calculate m(-5).
-7
Let t(v) = v**2 + 10*v + 11. What is t(-9)?
2
Let r(t) = -t**3 + 7*t**2 - 1. Give r(7).
-1
Let n(m) = 2*m**3 - 13*m**2 - 29*m - 2. Determine n(-2).
-12
Let l(i) = i + 2. Calculate l(-3).
-1
Let f(x) = x**3 - 10*x**2 + 10*x - 17. Give f(9).
-8
Let m(b) = b**3 - 8*b**2 - 2*b + 2. What is m(8)?
-14
Let j(f) = f**3 - 3*f**2 - 26*f + 80. Determine j(5).
0
Let c(u) = 15*u + 177. Calculate c(-8).
57
Let l(x) = -7*x + 1. What is l(1)?
-6
Let k(z) = 2*z**2 - 45*z - 57. What is k(24)?
15
Let o(t) = -t**3 + t**2 + 11*t + 3. Give o(0).
3
Let l(j) = 2*j. Give l(10).
20
Let g(t) = 2*t + 38. What is g(-17)?
4
Let o(y) = -y**3 - 7*y**2 - 5*y + 4. What is o(-6)?
-2
Let t(i) = 8*i - 237. Calculate t(28).
-13
Let a(w) = -w**3 - 7*w**2 - 3*w + 12. Calculate a(-6).
-6
Let r(b) = b**3 + b**2 - 4*b - 2. What is r(-3)?
-8
Let y(m) = -3*m + 41. Calculate y(17).
-10
Let d(o) = -o**3 - 19*o**2 - 19*o - 19. Calculate d(-18).
-1
Let a(l) = -l**2 - 5*l + 17. Determine a(-8).
-7
Let h(t) = -t**2 + 2*t + 3. Calculate h(-4).
-21
Let a(c) = -16*c - 2. Give a(-3).
46
Let i(u) = 2*u**2 - 13*u - 6. Determine i(7).
1
Let r(s) = s**2 - s + 26. Determine r(8).
82
Let w(n) = 2*n - 15. Give w(5).
-5
Let d(q) = 7*q - 2. Give d(0).
-2
Let d(u) = -7*u**2 + 7*u + 1. Determine d(1).
1
Let o(l) = -3*l**2 - 12*l - 4. Give o(-4).
-4
Let n(d) = d**3 + 10*d**2 + 5*d - 22. Give n(-9).
14
Let j(t) = 6*t + 5. What is j(-3)?
-13
Let p(w) = 9*w + 9. Calculate p(3).
36
Let b(q) = q**2 - 2*q - 394. What is b(-19)?
5
Let s(d) = -13*d + 5. Determine s(2).
-21
Let t(x) = x**2 + 20*x + 15. Calculate t(-20).
15
Let o(v) = -v**3 + 18*v**2 - v + 23. Determine o(18).
5
Let f(n) = -2*n + 1. What is f(7)?
-13
Let k(z) = 7*z + 32. What is k(-6)?
-10
Let x(s) = -8*s**3 + s + 1. Give x(-1).
8
Let s(b) = -23*b + 25. Calculate s(7).
-136
Let m(t) = -t - 3. Determine m(5).
-8
Let r(j) = 4*j - 22. Calculate r(7).
6
Let x(w) = 4*w + 6. What is x(-9)?
-30
Let q(g) = -9*g + 10. Calculate q(8).
-62
Let o(k) = k**3 - k**2 + 2*k - 10. What is o(2)?
-2
Let o(w) = -w**3 - 7*w**2 - 6*w + 3. What is o(-6)?
3
Let z(j) = 85*j**2 + 2*j. Determine z(-1).
83
Let m(p) = -p**2 - 22*p + 320. Give m(-32).
0
Let w(c) = c**2 + 6*c - 7. Determine w(-6).
-7
Let p(o) = -o**3 - 11*o**2 - 13*o + 1. What is p(-10)?
31
Let i(c) = -10*c - 47. Calculate i(-5).
3
Let x(t) = -7*t - 81. What is x(-13)?
10
Let l(c) = -c**2 - 10*c - 9. What is l(-8)?
7
Let k(o) = -4*o**2 - 4*o + 39. Give k(6).
-129
Let z(m) = -24*m - 7. What is z(-1)?
17
Let y(r) = 2*r**2 - 16*r + 5. What is y(7)?
-9
Let m(f) = f**2 + 13*f - 66. Give m(-17).
2
Let t(p) = 3*p + 33. Determine t(-7).
12
Let z(g) = -15*g + 46. What is z(5)?
-29
Let c(b) = b**2 - b - 5. Determine c(4).
7
Let a(j) = -j**2 - 27*j - 4. What is a(0)?
-4
Let q(h) = h**2 + 6*h - 21. What is q(-9)?
6
Let a(j) = -j - 42. Determine a(-43).
1
Let j(k) = 5*k - 6. What is j(12)?
54
Let n(z) = -z - 20. Give n(-4).
-16
Let p(g) = g**2 + 17*g + 65. Give p(-9).
-7
Let g(x) = 7*x**3 + 3*x**2 + 3*x + 1. Determine g(-1).
-6
Let g(p) = -p**3 - 11*p**2 + 33*p + 74. What is g(-13)?
-17
Let p(f) = -2*f**2 - 17*f + 23. What is p(-10)?
-7
Let b(i) = -i**2 - 16*i - 22. Determine b(-10).
38
Let q(f) = f + 13. What is q(-6)?
7
Let c(m) = 8*m - 15. Calculate c(10).
65
Let q(t) = t**3 + 7*t**2 + 6*t + 4. Give q(-4).
28
Let n(u) = u**2 - 4*u + 4. What is n(5)?
9
Let m(f) = 46*f + 2. Determine m(-5).
-228
Let m(i) = -8*i - 158. What is m(-20)?
2
Let h(w) = -2*w**3 + 37*w**2 + 15*w + 7. What is h(19)?
-69
Let n(l) = -2*l - 51. Determine n(-5).
-41
Let c(k) = k + 48. Give c(0).
48
Let w(y) = -7*y + 61. Determine w(9).
-2
Let n(h) = -2*h - 18. Calculate n(-14).
10
Let p(h) = 44*h - 81. What is p(2)?
7
Let m(y) = -3*y**2 + 3*y + 1. Determine m(4).
-35
Let i(v) = 2*v**2 - 17*v + 17. Calculate i(7).
-4
Let i(n) = 24*n + 361. Determine i(-15).
1
Let a(j) = -29*j - 43. Calculate a(-7).
160
Let a(n) = n**3 - 2*n - 3. Give a(3).
18
Let k(b) = b**3 + 16*b**2 + b - 18. Determine k(-16).
-34
Let h(a) = -a + 3. Calculate h(2).
1
Let g(m) = -84*m**3 + 2*m**2 - m - 1. Give g(1).
-84
Let o(m) = 20*m**3 - 3*m**2 - 5*m - 3. Give o(-1).
-21
Let p(k) = k**3 - 3*k**2 + 3*k - 2. Determine p(2).
0
Let o(q) = q**3 + 2*q**2 - 2*q - 3. Calculate o(-2).
1
Let g(v) = v - 5. What is g(2)?
-3
Let y(q) = q - 6. What is y(-4)?
-10
Let v(l) = -9*l**2 - 12*l - 44. What is v(-4)?
-140
Let m(z) = 2*z**3 - z. Give 